50. What is the highest common factor of y and 54?
27
Let h(n) = 2*n**3 + 25*n**2 + 36*n + 31. Let y be h(-10). Suppose -3*l - r = 2*l - 40, 4*l - 2*r = 46. What is the highest common divisor of y and l?
9
Suppose -35888 + 152129 + 105204 = 111*r. Calculate the highest common divisor of 2565 and r.
285
Suppose 0 = j + 9*j - 8180. Suppose 5*v + j = 888. Calculate the highest common divisor of 98 and v.
14
Let h be (19 - 4) + -19 + 686. What is the greatest common divisor of h and 124?
62
Let b(g) = g**2 + 21*g - 21. Suppose 630 + 306 = -39*m. Let p be b(m). What is the highest common divisor of 15 and p?
3
Let d = 0 + 0. Let i(b) = -b**3 + 4. Let m be i(d). Suppose 0 = -f - 3*g + 99 - 64, -3*f = 3*g - 99. Calculate the greatest common divisor of f and m.
4
Let o be ((-126555)/150)/(-11) + 6/20. Calculate the greatest common divisor of o and 726.
11
Let i(y) = 2*y - 4. Let a be i(4). Suppose -a*u - 396 = -1036. Suppose 17*l + 466*l = 9660. Calculate the highest common divisor of u and l.
20
Let p(a) = -a - 109. Let l(h) = -110. Let m(u) = 2*l(u) - 3*p(u). Let k be m(6). Calculate the highest common divisor of k and 50.
25
Let h(w) = w**2 - 2*w - 7. Let v be (8/10)/((-7)/70). Let i be h(v). Suppose -3*l + i = -17. Calculate the highest common divisor of 12 and l.
6
Suppose -703 = -4*v + w, -884 = -573*v + 568*v - 4*w. What is the greatest common divisor of 20504 and v?
88
Suppose 706*u - 165 = 705*u. Suppose -u = -9*x + 276. Calculate the greatest common factor of x and 7.
7
Let b(d) = -2*d + 45. Let h be b(21). Suppose u = 3*i + 5*u - 32, -h*i + 37 = 5*u. Calculate the greatest common divisor of i and 4.
4
Suppose -1208 - 567 = 25*a. Let h = a + 107. Calculate the highest common divisor of h and 126.
18
Suppose 2*i = -4*q + 1230, -3*i = -2*q + 206 + 397. Calculate the highest common divisor of q and 252.
18
Suppose 0 = -30*b + 34*b + 3*l - 76682, 4*l + 76696 = 4*b. Calculate the highest common factor of b and 4.
4
Suppose -8*y + 19*y = -99. Let t be (-492)/y + (-10)/(-75)*-5. Suppose 3*j + 57 = 2*o, 4*o - 142 + 33 = j. Calculate the greatest common factor of o and t.
27
Let s = 5762 + -5750. Calculate the highest common divisor of s and 831.
3
Let a(w) = 8*w**2 + 19*w - 16. Let h be a(-6). Suppose h + 206 = 7*i. Calculate the highest common divisor of i and 4.
4
Let h(z) = -71*z - 1613. Let t be h(-24). What is the greatest common factor of t and 63?
7
Let i(p) = 35*p**2 + 44 - 61*p**2 + 17*p + 27*p**2. Let z be i(-15). Calculate the highest common factor of 602 and z.
14
Suppose -3*l - l - 8 = 0. Suppose -4*x + 6 = -2*a + 18, -4*x - 28 = 2*a. Let f be -12*((-6)/a + l). Calculate the highest common divisor of 42 and f.
6
Let p = 2456 - 2280. Let b = -174 - -240. What is the greatest common divisor of p and b?
22
Let s(c) = 2043*c**2 - 216*c - 2. Let d be s(2). Calculate the highest common factor of d and 106.
106
Suppose 88*m + 2888 = 271*m - 24562. What is the greatest common divisor of m and 42?
6
Suppose 7*i = 10*i + n - 100805, -5*i = 5*n - 167995. Suppose 0 = -47*o + i + 23126. Calculate the highest common divisor of 17 and o.
17
Suppose k = 8 + 23. Let t = 53 + k. Suppose -4*a + t = 2*a. What is the highest common divisor of a and 28?
14
Let b be 8/6 + (-28)/(-42). What is the greatest common divisor of 163 and b?
1
Let v be (-52)/(-13) - ((-2 - 8)/(-5) + -457). What is the highest common divisor of v and 3825?
153
Let q be 125 + (96 + -104)*(0 + (-1)/(-2)). What is the highest common divisor of 4752 and q?
11
Let a = 28 - 21. Suppose 0 = z - a*z + 78. Let b(c) = 5*c**2 - 5*c - 9. Let i be b(-4). Calculate the greatest common factor of z and i.
13
Suppose -24393 + 3273 = -12*v. What is the highest common divisor of 15 and v?
5
Suppose 2*o + 3*r + 40 - 109 = 0, 8*r = 5*o + 60. Let q(k) = -183*k + 1. Let g be q(-1). Calculate the highest common divisor of o and g.
4
Let m(d) = 19*d**3 + 19*d**2 - d + 1. Let z be m(3). What is the greatest common divisor of z and 352?
22
Let r(z) = -25*z**2 + 114*z - 141. Let o(i) = -9*i**2 + 38*i - 47. Let x(h) = 11*o(h) - 4*r(h). Let s be x(0). Calculate the highest common factor of s and 376.
47
Let w = -5688 + 5821. Let y be (-4)/(-16) - (-27)/4. Calculate the greatest common factor of y and w.
7
Let h be (-9)/(-1)*(-7 - -12). Let j be (-4307)/(-438) - (-10)/(-12). Calculate the greatest common divisor of h and j.
9
Let d = -405 + 695. Let i = d - 194. Calculate the greatest common factor of i and 24.
24
Let r be 5 - 9 - -3 - -5. Let h be ((-1)/r)/((-2)/(-4 - -20)). Suppose -20 + 0 = -h*z - 4*l, -4*l - 10 = -z. Calculate the greatest common divisor of z and 30.
10
Let x(n) = 159*n**2 - 12*n + 45. Let z be x(-5). What is the highest common divisor of z and 30?
30
Let f(k) = -3*k**3 - k**2 - 2*k - 2. Let w be f(-2). Let j be 1 + 17*(2 - 6 - -13). What is the highest common factor of j and w?
22
Let v(d) = -d**3 - 25*d**2 + 8*d + 115. Let r be v(-27). Calculate the greatest common factor of r and 295.
59
Suppose -59*x + 83899 + 99237 = 0. What is the greatest common factor of x and 97?
97
Let k be 708/(-9) - (-2)/(-6). Suppose 23*a + 890 = 33*a. Let n = a + k. What is the highest common divisor of 120 and n?
10
Let w = 402 - 406. Let v be 4*(4/w - 5/(-2)). Calculate the highest common factor of 6 and v.
6
Suppose -10 - 22 = 8*f. Let h(k) = 6*k**2 - 2*k - 8. Let x be h(f). What is the greatest common divisor of x and 240?
48
Let h(a) = -5*a - 20. Let u(w) = 1. Let z(y) = h(y) + u(y). Let r be z(13). Let l be 12/30 - r/15. What is the greatest common divisor of 2 and l?
2
Let b be 2*(-3356)/(-12) - 24/18. Suppose b*h + 5472 = 567*h. What is the highest common factor of 32 and h?
32
Suppose -12*h + 157 = -563. Calculate the highest common divisor of 108 and h.
12
Let y = -43 - -58. Let d be 3*4/20 + 36/y. Suppose -d*q - 7 = -2*c + 41, 2*q = 2*c - 48. Calculate the greatest common factor of c and 264.
24
Let g = -4613 - -4649. Calculate the highest common factor of g and 243.
9
Let s = -25031 - -25075. Suppose -2*l = -4*f + 182, 3*f - 66 - 72 = 2*l. Calculate the highest common divisor of f and s.
44
Let s be ((-21584)/(-228))/((-2)/(-162)). Calculate the highest common divisor of s and 72.
36
Suppose -21*d + 18*d = -1080. Let u be 25704/d + (-6)/(-10). What is the greatest common factor of 288 and u?
72
Suppose -23*g = -17*g - 744. Suppose -d = -4*r + g, 2*r + 5*d = -15 + 55. Calculate the greatest common factor of r and 130.
10
Suppose -26*t + 27*t = -4*a - 35, 5*t + 5*a = -160. Let v(w) = 3*w + 101. Let x be v(t). Calculate the greatest common factor of x and 376.
8
Suppose -45 = -605*l + 602*l. What is the greatest common divisor of l and 1605?
15
Let n(i) = -17*i - 80. Suppose 7*y + 60 - 11 = 0. Let r be n(y). What is the highest common factor of r and 195?
39
Let h = -4865 - -4925. What is the highest common divisor of 3615 and h?
15
Suppose 17*y + 1311 = 9267. Calculate the greatest common factor of 288 and y.
36
Let k be 354/(-114) + 3 - 48040/(-76). Calculate the highest common divisor of 16 and k.
8
Suppose 0 = 16*c - 634 - 187 + 5. Calculate the greatest common divisor of c and 68.
17
Let q be (-2)/3 - 64/(-6). Let m = 401 - 194. Suppose q*s - m = 93. Calculate the greatest common factor of s and 6.
6
Suppose -2 = -3*k - j, 2*k + 4*j - j + 8 = 0. Let m be 4 - 5 - (k + -333). Let l be (1/2)/(1 + (-327)/m). What is the greatest common divisor of 385 and l?
55
Let n(y) = 125*y - 2830. Let c be n(23). Suppose 4*z - 2*z = 2. Let x be (-63)/(-3) - 2 - z. Calculate the highest common divisor of x and c.
9
Let i be -18 + 63/210*50 + (290/1 - 2). Suppose -3*g - g + 456 = 0. Calculate the greatest common divisor of g and i.
57
Suppose 5*w - 33 = 17. Let o = 22 - w. Let y = -12233 - -12236. Calculate the greatest common factor of y and o.
3
Suppose -9548 = 104*f - 323*f + 17827. What is the greatest common factor of f and 160?
5
Suppose 4*g - 85 = 15. Let a = -1368 + 1393. Calculate the greatest common divisor of a and g.
25
Suppose 0*x - 4*x - 4 = 0. Let a(n) be the first derivative of 35*n**3 - 5*n**2/2 - 5*n + 2306. Let h be a(x). Calculate the greatest common factor of h and 7.
7
Suppose -12050 - 2994 = -62*w - 3326. What is the greatest common factor of 84 and w?
21
Let g(f) = -2*f**3 - 8*f**2 - 26*f -